umber?
True
Is 4101 a composite number?
True
Is 40343 composite?
False
Is 202691 composite?
True
Is 565721 a prime number?
False
Is 41807 prime?
False
Is 1150301 a composite number?
False
Is 757373 a composite number?
True
Is 156307 a composite number?
False
Is 3557 a prime number?
True
Is 1017689 a composite number?
True
Is 13751 a composite number?
False
Is 44809 a composite number?
False
Is 222815 a composite number?
True
Is 76207 a prime number?
True
Is 113281 a prime number?
False
Is 149 a composite number?
False
Is 210439 prime?
False
Is 390549 composite?
True
Is 712837 a composite number?
False
Is 341074 composite?
True
Is 141061 a composite number?
False
Is 59099 prime?
False
Is 29897 prime?
False
Is 37321 composite?
False
Is 310267 a prime number?
False
Is 191 prime?
True
Is 6287 composite?
False
Is 15809 composite?
False
Is 205405 a prime number?
False
Is 76897 composite?
True
Is 28894 composite?
True
Is 62347 a prime number?
True
Is 27641 a composite number?
True
Is 2539 composite?
False
Is 5557 prime?
True
Is 2459 composite?
False
Is 3117687 composite?
True
Is 25661 a composite number?
True
Is 30463 prime?
False
Is 137829 composite?
True
Is 14899 prime?
False
Is 1081541 prime?
True
Is 27149 prime?
False
Is 96179 a composite number?
False
Is 235373 composite?
True
Is 14143 a prime number?
True
Is 4189 a composite number?
True
Is 551557 a composite number?
False
Is 1757 a prime number?
False
Is 562169 prime?
True
Is 724991 composite?
False
Is 761627 prime?
False
Is 2215493 prime?
False
Is 13683 a composite number?
True
Is 21533 a prime number?
False
Is 17777 composite?
True
Is 64373 a prime number?
True
Is 57185 a composite number?
True
Is 366157 prime?
False
Is 13165 prime?
False
Is 435911 a composite number?
True
Is 2413 a prime number?
False
Is 1756547 prime?
False
Is 391331 prime?
True
Is 734563 a prime number?
False
Is 363313 composite?
False
Is 164267 a prime number?
True
Is 509995 a prime number?
False
Is 141397 a composite number?
False
Is 2333 a composite number?
False
Is 40805 prime?
False
Is 175321 a composite number?
True
Is 15013 a prime number?
True
Is 129791 composite?
True
Is 27502 prime?
False
Is 100709 a prime number?
False
Is 348937 a prime number?
True
Is 27119 a prime number?
False
Is 74311 prime?
True
Is 4349477 a prime number?
False
Is 3073 a composite number?
True
Is 28807 composite?
False
Is 116407 composite?
True
Is 699931 a composite number?
False
Is 27763 prime?
True
Is 134777 composite?
False
Is 107137 a prime number?
True
Is 1996763 prime?
True
Is 6353 a prime number?
True
Is 137359 prime?
True
Is 481 a prime number?
False
Is 1030679 a composite number?
True
Is 690614 composite?
True
Is 10826 a composite number?
True
Is 7237 a prime number?
True
Is 2557 composite?
False
Is 61373 a prime number?
False
Is 220009 composite?
False
Is 18481 prime?
True
Is 11413 a prime number?
False
Is 4474 composite?
True
Is 342413 a prime number?
True
Is 126307 a composite number?
False
Is 2060511 a composite number?
True
Is 1430779 a prime number?
False
Is 2881 composite?
True
Is 485993 composite?
False
Is 213755 composite?
True
Is 319849 composite?
False
Is 49663 composite?
False
Is 2557 composite?
False
Is 27623 prime?
False
Is 32961 a composite number?
True
Is 68597 composite?
False
Is 426347 prime?
False
Is 397 prime?
True
Is 358 a composite number?
True
Is 13963 a composite number?
False
Is 87 composite?
True
Is 5411 composite?
True
Is 38523 composite?
True
Is 460237 composite?
True
Is 44293 prime?
True
Is 6557 prime?
False
Is 8269 a composite number?
False
Is 8483 composite?
True
Is 52409 composite?
True
Is 48182 composite?
True
Is 21409 composite?
True
Is 125065 prime?
False
Is 611411 prime?
True
Is 12149 prime?
True
Is 265123 a composite number?
False
Is 31111 a composite number?
True
Is 3427 a prime number?
False
Is 26769 composite?
True
Is 4241 composite?
False
Is 379 a composite number?
False
Is 5671 a prime number?
False
Is 18053 a prime number?
False
Is 2253 a composite number?
True
Is 576781 composite?
True
Is 1193 composite?
False
Is 371329 composite?
True
Is 2237 prime?
True
Is 53473 a prime number?
False
Is 21727 a composite number?
False
Is 30907 prime?
False
Is 4764559 prime?
True
Is 32083 composite?
False
Is 27941 composite?
False
Is 374159 a composite number?
False
Is 85623 a composite number?
True
Is 4228019 composite?
True
Is 132301 prime?
False
Is 157309 composite?
True
Is 17687 a prime number?
False
Is 52943 prime?
False
Is 2351 prime?
True
Is 7069 a composite number?
False
Is 34003 a composite number?
True
Is 329233 composite?
False
Is 56915 prime?
False
Is 102241 prime?
True
Is 175829 composite?
False
Is 73977 composite?
True
Is 50878 composite?
True
Is 486091 composite?
False
Is 3619991 a composite number?
False
Is 182579 a prime number?
True
Is 829 a composite number?
False
Is 3043 a composite number?
True
Is 35683 prime?
False
Is 306265 a prime number?
False
Is 1680551 composite?
False
Is 355027 prime?
True
Is 2951 composite?
True
Is 9917 composite?
True
Is 1879073 a prime number?
False
Is 30427 a composite number?
False
Is 6554173 prime?
True
Is 1673 a composite number?
True
Is 1852639 prime?
False
Is 7279 prime?
False
Is 12881 a prime number?
False
Is 271793 a composite number?
True
Is 25426 composite?
True
Is 10007 composite?
False
Is 310927 a prime number?
True
Is 505231 a prime number?
True
Is 163973 composite?
False
Is 2677539 a prime number?
False
Is 147701 a prime number?
False
Is 1913 a composite number?
False
Is 5737 a prime number?
True
Is 1422877 a prime number?
True
Is 45614 composite?
True
Is 16793 composite?
True
Is 6583 composite?
True
Is 107089 a prime number?
True
Is 6521 a prime number?
True
Is 128746 a prime number?
False
Is 3683 composite?
True
Is 12821 composite?
False
Is 79489 a prime number?
False
Is 451 composite?
True
Is 102571 a composite number?
True
Is 15401 prime?
True
Is 15389 a prime number?
False
Is 36629 a composite number?
False
Is 23869 composite?
False
Is 19439 prime?
False
Is 210619 a composite number?
False
Is 48851 a composite number?
True
Is 2809 a prime number?
False
Is 307147 a composite number?
False
Is 12982 a composite number?
True
Is 59863 prime?
True
Is 7283 a composite number?
False
Is 12871 a prime number?
False
Is 7103 a composite number?
False
Is 907 a composite number?
False
Is 341111 prime?
False
Is 17273 prime?
False
Is 2866 composite?
True
Is 1661 prime?
False
Is 8419 a prime number?
True
Is 365249 a composite number?
False
Is 467357 composite?
True
Is 215791 a composite number?
True
Is 50669 prime?
False
Is 14871 prime?
False
Is 3835171 a prime number?
False
Is 113534 prime?
False
Is 96071 a composite number?
True
Is 15305 prime?
False
Is 5219 composite?
True
Is 9773 a composite number?
True
Is 145303 a composite number?
False
Is 53401 a prime number?
True
Is 52999 a prime number?
True
Is 1397 a composite number?
True
Is 162593 a composite number?
False
Is 2576879 a prime number?
True
Is 19407 composite?
True
Is 48197 a composite number?
False
Is 8597 prime?
True
Is 105233 a composite number?
True
Is 244727 a prime number?
False
Is 168923 prime?
False
Is 36415 a prime number?
False
Is 68791 prime?
True
Is 60139 a prime number?
True
Is 1286279 prime?
False
Is 1617809 composite?
False
Is 11269 prime?
False
Is 437731 composite?
True
Is 33841 a prime number?
False
Is 70111 prime?
True
Is 28387 prime?
True
Is 192693 a composite number?
True
Is 33679 a composite number?
False
Is 1817 composite?
True
Is 4817 a composite number?
False
Is 99809 prime?
True
Is 7393 a prime number?
True
Is 1052993 prime?
True
Is 7151 composite?
False
Is 19531 composite?
False
Is 71935 a prime number?
False
Is 11579 prime?
True
Is 227989 a prime number?
True
Is 765399 a prime number?
False
Is 445537 a prime number?
True
Is 9593 a composite number?
True
Is 53171 a composite number?
False
Is 22639 prime?
True
Is 5353 a composite number?
True
Is 47537 prime?
False
Is 73819 prime?
True
Is 196531 prime?
False
Is 18839 composite?
False
Is 44015 a composite number?
True
Is 28343 a prime number?
False
Is 14438 composite?
True
Is 2357 a composite number?
False
Is 28703 a composite number?
False
Is 8999 prime?
True
Is 2664361 prime?
False
Is 65789 a composite number?
Fal